{"id":497,"date":"2025-03-14T12:59:18","date_gmt":"2025-03-14T11:59:18","guid":{"rendered":"https:\/\/myparejoviladecans.es\/?page_id=497"},"modified":"2025-03-14T12:59:19","modified_gmt":"2025-03-14T11:59:19","slug":"senales-prohibicion-e-indicacion","status":"publish","type":"page","link":"https:\/\/myparejoviladecans.es\/index.php\/senales-prohibicion-e-indicacion\/","title":{"rendered":"SE\u00d1ALES PROHIBICI\u00d3N E INDICACI\u00d3N"},"content":{"rendered":"\n<figure class=\"wp-block-embed is-type-video is-provider-vimeo wp-block-embed-vimeo wp-embed-aspect-16-9 wp-has-aspect-ratio\"><div class=\"wp-block-embed__wrapper\">\n<iframe loading=\"lazy\" src=\"https:\/\/player.vimeo.com\/video\/1065828803?dnt=1&amp;app_id=122963\" width=\"955\" height=\"537\" frameborder=\"0\" allow=\"autoplay; fullscreen; picture-in-picture; clipboard-write; encrypted-media\"><\/iframe>\n<\/div><\/figure>\n","protected":false},"excerpt":{"rendered":"","protected":false},"author":1,"featured_media":0,"parent":0,"menu_order":0,"comment_status":"closed","ping_status":"closed","template":"","meta":{"footnotes":""},"class_list":["post-497","page","type-page","status-publish","hentry"],"_links":{"self":[{"href":"https:\/\/myparejoviladecans.es\/index.php\/wp-json\/wp\/v2\/pages\/497","targetHints":{"allow":["GET"]}}],"collection":[{"href":"https:\/\/myparejoviladecans.es\/index.php\/wp-json\/wp\/v2\/pages"}],"about":[{"href":"https:\/\/myparejoviladecans.es\/index.php\/wp-json\/wp\/v2\/types\/page"}],"author":[{"embeddable":true,"href":"https:\/\/myparejoviladecans.es\/index.php\/wp-json\/wp\/v2\/users\/1"}],"replies":[{"embeddable":true,"href":"https:\/\/myparejoviladecans.es\/index.php\/wp-json\/wp\/v2\/comments?post=497"}],"version-history":[{"count":1,"href":"https:\/\/myparejoviladecans.es\/index.php\/wp-json\/wp\/v2\/pages\/497\/revisions"}],"predecessor-version":[{"id":498,"href":"https:\/\/myparejoviladecans.es\/index.php\/wp-json\/wp\/v2\/pages\/497\/revisions\/498"}],"wp:attachment":[{"href":"https:\/\/myparejoviladecans.es\/index.php\/wp-json\/wp\/v2\/media?parent=497"}],"curies":[{"name":"wp","href":"https:\/\/api.w.org\/{rel}","templated":true}]}}